or of 8758610?
True
Does 27 divide 6509501?
False
Does 183 divide 742086?
False
Is 3 a factor of 31084?
False
Does 78 divide 14118?
True
Does 29 divide 231245?
False
Is 51 a factor of 2518635?
True
Does 5 divide 18195?
True
Is 34199 a multiple of 17?
False
Is 273533 a multiple of 13?
True
Does 56 divide 117589?
False
Does 365 divide 1187710?
True
Is 3606193 a multiple of 391?
True
Does 235 divide 100580?
True
Does 32 divide 4436352?
True
Does 14 divide 3343987?
False
Does 8 divide 918448?
True
Does 4 divide 63872?
True
Is 83 a factor of 151724?
True
Is 1160145 a multiple of 38?
False
Is 434 a factor of 1048391?
False
Is 10089128 a multiple of 172?
False
Does 131 divide 777485?
True
Does 10 divide 3512?
False
Is 30 a factor of 685134?
False
Is 55696 a multiple of 118?
True
Is 1679106 a multiple of 11?
True
Is 2797485 a multiple of 545?
True
Is 74 a factor of 7709564?
False
Does 4 divide 14442?
False
Is 36814 a multiple of 233?
True
Is 17 a factor of 32504?
True
Does 311 divide 646918?
False
Is 89908 a multiple of 7?
True
Is 328 a factor of 215824?
True
Is 432225 a multiple of 113?
True
Is 114882 a multiple of 82?
True
Does 13 divide 2570094?
False
Is 4072635 a multiple of 35?
True
Is 38 a factor of 32452?
True
Is 8852511 a multiple of 8?
False
Does 578 divide 232934?
True
Is 4562033 a multiple of 7?
True
Is 113 a factor of 3473894?
False
Is 39 a factor of 1054365?
True
Does 21 divide 286335?
True
Is 29 a factor of 1433383?
True
Is 15 a factor of 306345?
True
Is 141 a factor of 157363?
False
Is 69 a factor of 149560?
False
Is 4895610 a multiple of 159?
True
Is 70 a factor of 5992070?
True
Is 439040 a multiple of 343?
True
Is 50 a factor of 90393?
False
Does 188 divide 20278?
False
Is 24 a factor of 9842162?
False
Is 617308 a multiple of 11?
False
Is 409944 a multiple of 372?
True
Is 648 a factor of 621742?
False
Does 13 divide 177538?
False
Is 199100 a multiple of 36?
False
Is 19 a factor of 19282?
False
Is 68058 a multiple of 38?
True
Is 95 a factor of 1298955?
False
Is 623 a factor of 8222400?
False
Does 366 divide 974170?
False
Does 14 divide 9229253?
False
Is 5127002 a multiple of 59?
False
Is 211037 a multiple of 2?
False
Does 459 divide 91072?
False
Does 59 divide 671577?
False
Is 533 a factor of 64197?
False
Is 61340 a multiple of 169?
False
Does 5 divide 7016564?
False
Is 13 a factor of 13799820?
False
Does 20 divide 104140?
True
Does 9 divide 19746?
True
Does 48 divide 597360?
True
Is 142500 a multiple of 15?
True
Does 15 divide 346777?
False
Is 2445660 a multiple of 54?
True
Does 12 divide 491880?
True
Is 1962457 a multiple of 13?
False
Is 374230 even?
True
Does 3 divide 145136?
False
Does 65 divide 296010?
True
Does 5 divide 13154?
False
Is 129 a factor of 166481?
False
Does 10 divide 1005845?
False
Is 553081 a multiple of 173?
True
Does 14 divide 157598?
True
Is 16595 a multiple of 13?
False
Is 3 a factor of 965405?
False
Is 36 a factor of 142624?
False
Does 62 divide 1413339?
False
Does 67 divide 265856?
True
Does 21 divide 766563?
True
Does 108 divide 492804?
True
Does 8 divide 363096?
True
Does 118 divide 2087842?
False
Does 42 divide 5322072?
True
Does 23 divide 20125?
True
Is 412237 a multiple of 11?
False
Does 23 divide 55540?
False
Is 5400 a multiple of 27?
True
Is 510480 a multiple of 40?
True
Does 8 divide 540244?
False
Is 866 a factor of 929595?
False
Does 7 divide 15729?
True
Is 548 a factor of 592911?
False
Is 192780 a multiple of 45?
True
Is 4249168 a multiple of 176?
True
Is 1615293 a multiple of 9?
True
Is 19 a factor of 189392?
True
Does 38 divide 19323?
False
Is 216716 a multiple of 5?
False
Does 25 divide 367125?
True
Does 5 divide 5024500?
True
Does 10 divide 56439?
False
Is 689 a factor of 3462914?
True
Is 37 a factor of 114330?
True
Does 886 divide 3595388?
True
Is 22785 a multiple of 93?
True
Is 1913102 a multiple of 38?
False
Is 2390846 a multiple of 26?
False
Is 3 a factor of 3401555?
False
Does 12 divide 32508?
True
Does 5 divide 171590?
True
Is 32 a factor of 904184?
False
Does 58 divide 117740?
True
Does 88 divide 2231?
False
Does 101 divide 12019?
True
Is 10 a factor of 306916?
False
Is 1411608 a multiple of 44?
True
Is 147 a factor of 302820?
True
Is 36196 a multiple of 27?
False
Does 37 divide 489658?
True
Does 174 divide 3350022?
True
Is 12534 a multiple of 63?
False
Is 43 a factor of 214785?
True
Is 81 a factor of 22098?
False
Is 43 a factor of 92364?
True
Is 24 a factor of 6569986?
False
Is 9692464 a multiple of 92?
False
Is 60 a factor of 1582?
False
Is 564613 a multiple of 79?
True
Is 1702735 a multiple of 25?
False
Does 2 divide 141905?
False
Does 151 divide 203397?
True
Is 11947 a multiple of 4?
False
Is 181438 a multiple of 52?
False
Is 5795034 a multiple of 69?
True
Is 54320 a multiple of 10?
True
Is 197 a factor of 83878?
False
Is 1364179 a multiple of 2?
False
Is 90 a factor of 2200410?
True
Is 1576 a multiple of 197?
True
Does 126 divide 1974798?
True
Is 115 a factor of 79724?
False
Is 128 a factor of 7898969?
False
Is 330354 a multiple of 35?
False
Is 113 a factor of 174246?
True
Is 7422360 a multiple of 20?
True
Is 42916 a multiple of 25?
False
Is 340730 a multiple of 130?
True
Is 857345 a multiple of 9?
False
Is 9 a factor of 126315?
True
Is 4106520 a multiple of 612?
True
Is 214 a factor of 275053?
False
Is 30 a factor of 51660?
True
Is 842650 a multiple of 19?
True
Does 167 divide 829656?
True
Is 72 a factor of 29397?
False
Is 239475 a multiple of 16?
False
Is 535 a factor of 2175845?
True
Is 224175 a multiple of 245?
True
Does 14 divide 8407853?
False
Does 14 divide 3680292?
True
Is 8 a factor of 225936?
True
Is 466562 a multiple of 19?
False
Is 401 a factor of 103458?
True
Is 100 a factor of 9600?
True
Does 2 divide 2690755?
False
Is 174 a factor of 2880429?
False
Is 170 a factor of 1057769?
False
Is 6609603 a multiple of 497?
True
Is 260339 a multiple of 24?
False
Is 324373 a multiple of 1043?
True
Is 134112 a multiple of 32?
True
Is 2127764 a multiple of 55?
False
Does 16 divide 1504869?
False
Is 5760728 a multiple of 12?
False
Does 81 divide 637227?
True
Does 22 divide 245371?
False
Is 5 a factor of 18401?
False
Does 413 divide 491181?
False
Does 223 divide 312055?
False
Does 35 divide 25204?
False
Is 25 a factor of 72225?
True
Does 37 divide 1852915?
False
Is 914103 a multiple of 155?
False
Is 3 a factor of 3166104?
True
Is 2728348 a multiple of 109?
False
Is 23 a factor of 87929?
True
Is 10214 a multiple of 3?
False
Does 44 divide 26647?
False
Does 7 divide 105570?
False
Does 29 divide 76096?
True
Is 577444 a multiple of 18?
False
Is 31301220 a multiple of 18?
False
Is 13 a factor of 2596451?
True
Is 524650 a multiple of 25?
True
Does 27 divide 216540?
True
Does 15 divide 1346292?
False
Does 21 divide 147693?
True
Is 32032 a multiple of 375?
False
Is 2 a factor of 13001?
False
Is 47 a factor of 365301?
False
Is 85 a factor of 159545?
True
Is 46 a factor of 62618?
False
Is 192444 a multiple of 174?
True
Does 25 divide 1810483?
False
Does 14 divide 93646?
True
Does 14 divide 819924?
True
Does 145 divide 106961?
False
Does 199 divide 3269832?
False
Does 371 divide 3305239?
True
Is 307 a factor of 73045?
False
Does 22 divide 525135?
False
Is 668163 a multiple of 29?
False
Is 1124737 a multiple of 193?
False
Is 16 a factor of 91136?
True
Does 34 divide 237996?
False
Is 91 a factor of 861362?
False
Does 231 divide 577347?
False
Is 431 a factor of 11320215?
True
Is 6 a factor of 73998?
True
Does 15 divide 2892345?
True
Is 364308 a multiple of 12?
True
Does 144 divide 1764617?
False
Is 22 a factor of 1966653?
False
Is 92 a factor of 2521444?
True
Does 57 divide 482421?
False
Is 8650195 a multiple of 22?
False
Does 260 divide 29598?
False
Does 90 divide 1821150?
True
Is 313 a factor of 20601?
False
Does 11 divide 1398573?
True
Is 603679 a multiple of 4?
False
Is 6 a factor of 593010?
True
Is 7 a factor of 84292?
False
Does 104 divide 1642053?
False
Is 33 a factor of 5265760?
False
Is 10871995 a multiple of 273?
False
Is 394697 a multiple of 43?
True
Is 400 a factor of 32318800?
True
Is 1267310 a multiple of 110?
True
Is 3 a factor of 42441?
True
Does 102 divide 182352?
False
Is 24 a factor of 984912?
True
Does 572 divide 14475604?
True
Is 463890 a multiple of 5?
True
Does 97 divide 21